b + 6. Determine y(n).
1
Let o = 3 - -2. Let l(q) be the third derivative of q**4/12 - q**3/6 + 3*q**2 - 14. Let r(h) = -2*h + 1. Let n(m) = o*r(m) + 6*l(m). Determine n(6).
11
Let p(o) = -o**2 + o + 4. Let s(v) be the second derivative of v**5/20 - 5*v**4/12 - v**3/2 - 15*v**2/2 + 55*v. Let w be s(6). Determine p(w).
-2
Let y(a) = -4*a**2 - 8*a - 37. Let n(v) = -5*v**2 - 10*v - 43. Let u(k) = -5*n(k) + 6*y(k). Calculate u(0).
-7
Let c(b) be the third derivative of -b**6/120 - 7*b**5/60 - b**4/24 - 4*b**3/3 + 9*b**2. Let s be c(-7). Let u(w) = 3 - w**2 - 3*w**2 + w - 2. Calculate u(s).
-4
Let l(m) = -5*m**2 + m + 1. Suppose -2*f = 6*j - j - 21, -f - 2*j + 9 = 0. Suppose -f*g - 4*h = 16, g + h + 4 = -3*g. Suppose g = 3*v - 1 + 4. What is l(v)?
-5
Let o(r) = 2*r**2 - 3*r - 16. Let i be o(4). Let j(u) = 3*u - 13. Calculate j(i).
-1
Let d = -7 - -2. Let g = d - -8. Let l(s) = s + 3*s**2 - 1 + s**3 - g*s + 3. Give l(-3).
8
Let q(a) = a - 6. Let k be q(-6). Let v(b) = -b**3 - 13*b**2 - 12*b + 6. Calculate v(k).
6
Suppose 3*o = 0, 4*a - 2*o - 16 = 2*o. Suppose 15 - 3 = a*l. Let c(u) = u**2 - 2*u - 3. Give c(l).
0
Suppose -180 = -291*r + 336*r. Let b(t) = 2*t - 6. Let d be b(4). Let y(p) = -4*p - d*p**3 + 3*p**3 + 3*p**2 + 0*p. Give y(r).
0
Let i(x) = -5*x**2 + 3*x - 7*x + x**3 - x**2 + 2. Let c be i(7). Let p(o) = -c*o + o**3 - 5*o**2 + 22*o + 1 - 4*o**2 + 4*o**2. Give p(5).
-4
Let u(k) = -21*k**2 - 21*k + 16. Let r(a) = 5*a**2 + 5*a - 4. Let c(d) = 9*r(d) + 2*u(d). Calculate c(-2).
2
Let f be (-12)/(-36)*1/1. Let d(w) be the second derivative of -2*w + 1/12*w**4 + 0 - f*w**3 - w**2. Determine d(-3).
13
Let h = -294 + 291. Let b(c) be the second derivative of -c**4/12 - c**3/2 - c**2 + c. Give b(h).
-2
Let g be (396/(-24) + 15)/((-3)/8). Let j(y) = -3*y**3 + 3*y**2 + 3*y - 3. Let k(a) = a**3 - a. Let b(w) = j(w) + 2*k(w). Calculate b(g).
-15
Let o(b) = -b**3 + 3*b**2 + 4*b + 4. Suppose 0 = q - 2*i - 16, 6 = -2*q - 3*i + 17. Let f = q - 6. Calculate o(f).
4
Let m = -1406 - -1405. Let t(d) = d + 5. What is t(m)?
4
Let t(l) = -l**3 - l**2 - l - 1. Let z(c) = -18*c + 106. Let f be z(6). Determine t(f).
5
Let g(j) = -19*j - 2*j - j**2 + 31*j - 9*j + 12. What is g(6)?
-18
Let z(j) be the second derivative of j**3/2 + j**2/2 + 27*j. Give z(-5).
-14
Let x = -2 + -4. Let y(d) = -2*d**2 + 3*d**2 + 11*d - 6*d - 1. Give y(x).
5
Let r(w) = -w**2 - 5*w - 2. Let y be r(-6). Let k = -13 - y. Let h(o) = o**3 + 5*o**2 - 7. Determine h(k).
-7
Let g(b) be the first derivative of b**3/3 + 5*b**2/2 + 6*b - 5. Let z = 0 - 14. Let o = z - -9. Determine g(o).
6
Let y = -14 - -7. Let z = y - -9. Suppose z*x - 2 = 3*x. Let a(l) = l**2. Determine a(x).
4
Let x = 72 + -65. Let d(s) be the third derivative of -s**4/12 + 3*s**3/2 + 9*s**2. Give d(x).
-5
Suppose 2*w - 2*n - 8 = 0, 3*n = -2*w - 2*w - 12. Suppose -4*y + 12 = -w*y. Let x(j) = -j**2 + 3*j + 2. What is x(y)?
2
Suppose 27*x + 14 = 13*x. Let m(r) = 4*r**2 + 1. Give m(x).
5
Let o be -1*(-2 - 1)/3*0. Let w(b) = 3*b + 7 + 3*b - 17 - 5*b. Give w(o).
-10
Let p(m) = 7*m**2 + 7*m - 3. Let i(w) be the second derivative of -w**4/4 - w**3/2 + w**2 + 14*w. Let b(d) = -5*i(d) - 2*p(d). Give b(-3).
2
Let d(g) = -14*g + 20. Let r(q) = 5*q + 1. Let a(y) = -d(y) - 3*r(y). Calculate a(-10).
-13
Let c(l) = 4*l - 2. Let a be c(2). Suppose 0 = a*q - 3*q - 6. Let p(n) = -2*n**3 - q*n**3 + n**3. Determine p(1).
-3
Let a = -7 + 7. Let n(w) = -2*w - w**2 - 8*w + a - 1 + 11*w. What is n(4)?
-13
Let j = -1 + -7. Let q = j + 11. Let x(f) = f - 2. Determine x(q).
1
Let k(r) = -2*r**2 + r + 1. Let o(q) = 9*q**2 - 12*q - 11. Let v(w) = 5*k(w) + o(w). Determine v(-6).
0
Let s(l) = -6*l**3 + 7*l**2 - 5*l - 1. Let z(q) = 5*q**3 - 7*q**2 + 4*q + 2. Let v(y) = 6*s(y) + 7*z(y). What is v(-6)?
-16
Let r(c) = 22 + 19 - 76 + 16 + c + 14. Give r(11).
6
Let y = -91 + 90. Let n(t) = 35*t**2 - 1. Calculate n(y).
34
Let n(g) = 7*g**2 - 8*g - 14. Let j(v) = 2*v**2 - 2. Let s(t) = -4*j(t) + n(t). Give s(-6).
6
Let y(i) be the third derivative of 6*i**2 + 0*i - 5/6*i**3 + 1/6*i**4 + 0 - 1/60*i**5. Give y(4).
-5
Suppose -83*c - 29 = 137. Let f(y) = y**2 - 4*y - 3. What is f(c)?
9
Let d be -2 + -3*(-8)/6. Let o(k) be the first derivative of 2*k**3/3 - 3*k**2/2 + k - 47. What is o(d)?
3
Let g(u) = -u + 6 - 3*u - 2 - u**2 - 7 + 7. What is g(-4)?
4
Let a(f) = -4*f + 3. Let i(g) = g - 1. Let n(u) = a(u) + 5*i(u). Give n(-3).
-5
Let q(p) = -65*p + 55*p + 34*p + 20*p. Give q(-1).
-44
Suppose 4*h + 4*m = 8, 4*h + 5*m = 117 - 104. Let d(z) = -z**3 + 2*z. Calculate d(h).
21
Let x(t) be the second derivative of -t**4/12 + t**3/6 - 87*t. What is x(-3)?
-12
Let o(j) be the second derivative of -j**6/120 + j**5/20 + 2*j**3/3 + j**2 - 18*j. Let h(u) be the first derivative of o(u). Calculate h(4).
-12
Let c(p) = p. Let g(x) = 3*x. Let v(j) = 9*c(j) - 2*g(j). Let y(a) = 1. Let k(f) = v(f) - y(f). What is k(1)?
2
Let v(z) = 3*z**2 + 0*z**2 + 2 - 204*z - 4*z**2 + 207*z. Let y = -19 - -1. Let f be 3/6 - y/4. Give v(f).
-8
Let z(i) = 6*i - 4. Let t be ((-180)/(-100))/(3/10). Give z(t).
32
Let c = 15 + -2. Let g(o) = o**2 - 15*o + 19. Let z be g(c). Let h(q) = q**2 + 9*q - 2. Determine h(z).
-16
Let z be (-2)/(4 + -5 - 0). Let a(t) = -t**3 + t**2 - 2*t + 2. Let p be a(z). Let m(v) = v**3 + 5*v**2 - 6*v - 5. What is m(p)?
-5
Let q(a) be the first derivative of 6*a + 8 - 1/2*a**2. Give q(8).
-2
Let x(h) = -23*h**2 + 11*h**2 + 2*h**2 + h + 6 + 9*h**2. Give x(0).
6
Suppose -2*b - 151 = -5*s, 4*s - 3*b - 42 = 83. Let a = 48 - s. Suppose -5 + a = 7*v. Let o(u) = -2*u**2 + u + 2. Give o(v).
-4
Suppose -19*b + 25 = -14*b. Suppose t - b*m + 18 = -0*t, 0 = 5*t + 2*m - 18. Suppose -4*c + 8 = -t*c. Let y(r) = r**3 - 5*r**2 + 2*r - 5. Calculate y(c).
-13
Suppose 6*t + 18*t - 24 = 0. Let z(k) = k**2 - 6*k - 3. Let s(v) = 2*v**2 - 11*v - 5. Let r(i) = 4*s(i) - 7*z(i). Determine r(t).
0
Let p(x) = 2*x**2 - 1. Let r be ((-11)/(-5) - 2) + 2016/420. Let v(u) = -u**2. Suppose 5*n + 2*k = 12, 3*n - 2*k - 2 = n. Let b(m) = n*p(m) + r*v(m). Give b(2).
-6
Let d = -2152 + 2151. Let o(a) = 0 + 1 + 0*a**3 - 2*a**2 - 5*a**3. What is o(d)?
4
Let j(y) = 8*y**2 - 9*y - 9. Suppose -2*q - r = 0, -2*r + 1 = 10*q - 7*q. Calculate j(q).
8
Let t(b) be the second derivative of -b**4/6 + b**3/6 + b**2/2 - 19*b. Let l(d) = 2*d**2 + 5 + 2 + 7*d - 3*d**2. Let w be l(8). Calculate t(w).
-2
Let j be 3/(-2) - (-15)/(-6). Let w be (-6 + 3)*j/6. Let x(n) = -3*n - 1. Let o(c) = 10*c + 3. Let v(s) = w*o(s) + 7*x(s). What is v(6)?
-7
Let d(y) be the second derivative of -2/3*y**4 + y**2 - 15*y - 1/20*y**5 + 5/3*y**3 - 2. Determine d(-9).
-7
Let k(z) be the second derivative of -z**4/6 - 7*z**3/3 - 6*z**2 + 3*z + 73. Give k(-9).
-48
Let p(b) = -4*b**3 + 4*b**2 - 6*b - 5. Let k(f) = -f**3 - 2*f**2 + f + 1. Let a(v) = 3*k(v) + p(v). Determine a(-1).
6
Let t(i) = i + 5. Suppose 0 = j - 4*y + 2 - 18, 36 = 5*j + 2*y. Give t(j).
13
Let f(v) = -v**2 - 10*v - 6. Let o = -84 + 80. What is f(o)?
18
Let i(x) be the second derivative of -x**4/4 + x**3/3 + x**2 - 4*x. Calculate i(-2).
-14
Let v(u) = -u**3 + 4*u**2 + 8*u + 4. Let j(l) = -12*l + 690. Let i be j(57). Give v(i).
-20
Suppose -9*l = -3*f - 12*l + 12, -5*f - 4*l = -18. Let q(r) be the second derivative of 0*r**3 - 4*r + r**f + 1/12*r**4 - 1/20*r**5 + 0. Give q(3).
-16
Let d(p) = -8*p. Let c = 468 + -464. Determine d(c).
-32
Let l be -3*(-8)/9 + 1/3. Let t(d) = -11 + 1 + l + 3*d - 5*d. Give t(5).
-17
Let i(v) = -309*v + 306*v + 3 + 5*v**2 - 13*v**3 + 12*v**3. Let t(r) = r**2 - r - 2. Let d be t(-2). Determine i(d).
7
Let h(v) = v**2 - v - 1. Let c(y) = -y**2 + y + 2. Let m(z) = 5*c(z) + 6*h(z). Suppose -3*b = 9 + 3, 32 = -4*i + 5*b. Let f = -13 - i. Give m(f).
4
Let f(l) be the second derivative of l**3/3 + l**2 + 13*l - 1. Let m be ((-12)/8)/((-6)/8). Suppose m*n = -0*n + 6. Give f(n).
8
Let n(q) = -q**2 + 2*q - 1. Let g(a) = a**2 + 11*a + 1. Let c(d) = g(d) - 2*n(d). Determine c(-3).
9
Let q = -10 + 15. Let c(n) be the second derivative of n**4/12 - 5*n**3/6 + 3*n**2 - 13*n. What is c(q)?
6
Let a(h) = 3*h - h**2 - 3*h - 2. Let u(p) = -2*p**3 - 8*p**2. Let x be u(-4). Let w be x/(0 - -2) - 3. Calculate a(w).
-11
Let f be 273/14 + (-1)/(-2). Suppose b + f = -0*p + 5*p, 0 = -4*b + 4*p. Let